 5*y**4/6 - 3*y**3/2 + 3*y**2 - 169*y. Let i = 202 - 211. Determine g(i).
6
Let o(j) = -j**2 - 84*j - 974. Let r be o(-14). Let a(f) = 2*f**3 - 16*f**2 + 20*f - 11. Give a(r).
-35
Let c(u) = u**2 + 4*u + 7. Let i be c(-7). Suppose -114*f + 107*f = i. Let y(o) = -o + 3. Determine y(f).
7
Let t(z) = z**3 + 7*z**2 - 9*z - 5. Let i = -5 + 7. Let q(r) = -2*r**3 - 4*r**2 - 11*r**2 + 10*r + 5 + 8*r**2. Let p(g) = i*q(g) + 3*t(g). What is p(6)?
-11
Let n be (28/(-30))/(114/1710). Let i(q) = -7*q + q + 9 - 8*q - q**2. What is i(n)?
9
Let x be ((-24)/(-30))/(3/15). Let l(n) be the second derivative of -4*n + 0 - 1/2*n**3 + 1/12*n**x - 2*n**2. What is l(5)?
6
Let u(x) = -5*x**2 - 1 - x - 2*x + 4*x + 4*x + x**3. Let w(s) = -10*s + 1. Let n be w(1). Let t be -1*12*((-60)/n - 7). Determine u(t).
3
Let w(s) = -2*s**2. Let u = 60 + -58. Let n be (0/3)/(u + -1) - -2. Suppose 0 = 4*z + 5*t + 18, n*z + 0*t + 8 = -2*t. Determine w(z).
-8
Let l(t) = -t + 6. Let j be l(6). Let p(y) = y**3 - y**2 + 7. Let g be p(j). Let a(o) = 2 - 5 + 8*o - 14*o - 5 + 3 + o**2. What is a(g)?
2
Let y = 0 + 0. Let q be ((-9)/2 - -4)*0 - -2. Let w(f) = 7 + 5*f**2 - 9*f**2 + 2*f + 5*f**q - 3*f. What is w(y)?
7
Let j = 162 + -162. Let k(i) = 10*i - 3*i + i**3 - 8*i + j - 2*i**2 + 2. Calculate k(3).
8
Let j(k) = -4*k**2 + 7 - 260979*k**3 + 2 + k + 260977*k**3. Determine j(-3).
24
Let s(h) = 3*h + 2. Let a(j) = -105 - j + 203 - 99. Let b(y) = 2*a(y) - s(y). Calculate b(-3).
11
Suppose -368*l - 3478 + 902 = 0. Let o(p) be the third derivative of -p**5/60 - 7*p**4/24 + 7*p**3/6 - p**2. Give o(l).
7
Suppose -175 = -35*n + 28*n. Let q(u) = -3 - 28*u + 3 + n*u - u**2. Give q(-6).
-18
Let k = 1 + -6. Let l(d) be the third derivative of -d**5/60 - 13*d**4/24 - 2*d**3/3 - 60*d**2 - 2*d - 273. Give l(k).
36
Let c(r) = r**2 + 5*r + 1. Let a = 140 + -114. Suppose -6 = -5*b - a. What is c(b)?
-3
Let f(g) = -43*g - 2. Let h(k) = -26*k - 2. Let r(a) = -3*f(a) + 5*h(a). Give r(4).
-8
Let t(o) = 3*o + 1. Let h(w) = 2*w**2 - 12*w - 57. Let z(p) = p**3 + 8*p**2 - 17*p - 63. Let q be z(-9). Let n be h(q). Calculate t(n).
-8
Suppose -12402*s + 66 = -12413*s. Let q(k) = -1. Let b(n) = -15*n + 27. Let h(p) = b(p) + 18*q(p). Let y(f) = 7*f - 4. Let w(j) = s*h(j) - 13*y(j). Give w(-4).
2
Let f(x) = 2 + 5*x - 828*x**3 + 827*x**3 - 7 + x**2. What is f(3)?
-8
Let a(b) = -3 - 2 + b - 2 - 4*b**2. Let m(y) = 9*y**2 - 3*y + 15. Suppose -8*v = 157 - 101. Let q(t) = v*a(t) - 3*m(t). Determine q(-3).
7
Let o(n) = -4*n**2 + 11*n - 1. Let f(d) = -3*d**2 + 10*d - 3. Let v(j) = -j - 7. Let l be v(-10). Let w(b) = l*f(b) - 2*o(b). Determine w(6).
5
Let d(z) = -14*z + 3. Let o be 20/100 + ((-28)/10)/(-1). Suppose 4*u - o*u - 4 = -2*s, -4*s = u - 8. Calculate d(s).
-25
Let a(d) = d**3 + 6*d**2 + d - 3. Let p = -228 - -232. Suppose -p*g = j + 11 + 14, j + g = -10. What is a(j)?
17
Let d = 4 - 2. Let b(w) = 5*w - 2 + 0 - 7*w - 15*w**3 + 16*w**3 + 5*w. Calculate b(d).
12
Suppose 4*y - 11 = -3*o, 2*y + 2*o - 1 = 5*o. Let x(b) = -9*b**2 + 4*b - 2. Determine x(y).
-30
Let t(w) be the second derivative of -2*w**2 - 62 + 0*w**3 + 1/6*w**4 + 2*w. What is t(3)?
14
Let s(b) = b**2 + 12*b - 42. Let d = 3689 + -3704. What is s(d)?
3
Let t(m) be the second derivative of -m**4/12 - m**3/6 + 101*m**2/2 + 31*m. Let r(f) be the first derivative of t(f). Determine r(-2).
3
Suppose 64*h - 269 = -28 + 15. Let v(o) = o**3 - 4*o**2 + 6*o - 8. What is v(h)?
16
Let f(g) = -g**3 + 3*g**2 - g. Let d(k) = k**2 - 50*k + 402. Let m be d(10). Give f(m).
2
Let z(j) = 2*j**2 + 29*j - 13. Let i(s) = s**2 + 2*s - 4. Let w(y) = 3*i(y) - z(y). What is w(23)?
1
Suppose -9*u + 18 = -9. Suppose u*f = -6*f - 81. Let l(x) = x**3 + 8*x**2 - 6*x + 4. Calculate l(f).
-23
Let r(t) = t. Let h be r(4). Let i(s) = -h*s + 9 - 2 - 5. Suppose -k - 2 = 1. Determine i(k).
14
Let y(a) = 3*a**2 - 3*a + 2. Suppose -w + 4 = 2*i, -3*w - 12 = -4*i - 4*w. Suppose 24 = -12*u + i*u. Let b be (0 + u/(-6))/(1/4). Calculate y(b).
8
Let d = 20 - 24. Let t(i) = i + 87 - 28 - 29 - 34. Determine t(d).
-8
Let o(b) = 1 - b - 5 - 6 + 2 - 2. Let v(l) = -3*l - 31. Let x(c) = -7*o(c) + 2*v(c). Determine x(-3).
5
Let o(l) = -2*l - 14. Suppose 8*g - 124 - 112 = -268. What is o(g)?
-6
Suppose -23*z + 19*z = -8. Suppose 4*p + 0*f = -2*f + 7474, 1864 = p + z*f. Let g(x) = 1870 - 5*x - p. What is g(2)?
-10
Let d(g) = -g - 8. Let x = -68 + 72. Suppose -5*a + s + 0*s = -18, x*s + 24 = 4*a. Suppose -a*u - f - f = 26, -4*u - 2*f - 32 = 0. What is d(u)?
-2
Let i(b) = -b**3 - 5*b**2 + 4*b + 7. Let u(g) = g**2 + 212*g - 6191. Let v be u(26). Give i(v).
-23
Let w be 39/(-12) - 3/(-12). Let f = 5 - w. Let r(q) = -q**3 + 13*q**2 - 2*q - 10. Let v(n) = -n**2 - n + 1. Let k(x) = -r(x) - 4*v(x). Calculate k(f).
-10
Let s(d) be the third derivative of -11*d**4/24 + 11*d**3/6 - 159*d**2 - 1. What is s(3)?
-22
Let b(t) = -5*t**3 - 3*t**2 - 11*t - 9. Let i = 8 + -9. Let z(r) = -18 + r + 9 + r**2 + 10 + r**3. Let o(k) = i*b(k) - 6*z(k). What is o(-4)?
-1
Let b(m) = 31*m - 162. Suppose -3*f + 359*v + 13 = 360*v, v = -5*f + 23. Calculate b(f).
-7
Let i(p) = -3*p + 13. Let g be i(5). Let f be 25 + 2*(4 + -5). Let v(u) = -12*u + f*u - 11*u - 2*u**2 - 1. Determine v(g).
-9
Let o = 247 - 243. Suppose 0 = -n + 2*p + 17, 8*n = 4*n + o*p + 48. Let c(i) = -i - 1. Calculate c(n).
-8
Let m(v) = -49 - 51 - 48 - 2*v**3 + 154 + v - 24*v**2. What is m(-12)?
-6
Let l(w) be the second derivative of 4*w**3/3 - w**2/2 + 4*w. Let o(g) = 4*g**2 + g - 15. Let d be o(-2). Give l(d).
-9
Let n(x) = 7*x**3 - 30*x**2 - 33*x - 31. Let h(z) = -2*z**3 + z. Let p(g) = -3*h(g) - n(g). Calculate p(31).
0
Let t(q) be the first derivative of 2*q**3/3 + 16*q**2 + 7*q + 27. Let y be -6 + -4 - (12 + -6). Give t(y).
7
Let s(y) be the first derivative of y**2/2 - 9*y - 279. Let b be (0/(-1 + 5))/2 - -4. Give s(b).
-5
Let i(u) = -u**3 + 28*u**2 - 22*u - 1305. Let c be i(25). Let a(h) = -6*h + 52. Calculate a(c).
-68
Suppose -2*l = 3*t - 4, l + 2*l = 5*t - 32. Suppose -252 = -t*z - 5*z. Let u be z/6*(-15)/10. Let f(o) = -o**2 - 8*o - 9. Give f(u).
-2
Let j(t) = -3*t**3 + 4*t**3 + 9 - 154*t**2 + 7*t - 16 + 5 + 158*t**2. What is j(-5)?
-62
Let g = 443 - 440. Let d(w) = 77 - 139 + 2*w**2 - 4*w + 69 - g*w. What is d(5)?
22
Let j(f) = -5*f**2 - 5*f + 10. Let c(t) = t**2 - t - 1. Let v be -4*(-10)/(-180) + (-76)/(-18). Let q(r) = v*c(r) + j(r). Let d be 9/2*(2 + -4). Determine q(d).
6
Let y(f) be the second derivative of -f**4/12 - 4*f**3/3 + 7*f**2 - 100*f + 9. Suppose 3*q + 34 = 4. What is y(q)?
-6
Let o = 48 + -39. Let w(z) = z - 5. Let y be w(7). Let l(v) = -8*v**y - 4*v + v**3 - 7*v + 8 + v. Determine l(o).
-1
Let u(f) = -7 - 5*f**2 + 7*f + 5*f**2 - f**2 - 4*f. Let g(j) = 2*j + 23. Let m be g(-10). Let l be u(m). Let n(c) = 3*c + 2. Determine n(l).
-19
Let j(r) = -1022*r - 9199. Let q be j(-9). Let o(y) = -29*y**2 - 15*y - 2. Let z(m) = -14*m**2 - 7*m - 1. Let b(f) = -6*o(f) + 13*z(f). Determine b(q).
-8
Let t = 481 + -478. Let c(g) be the first derivative of -2*g**3/3 + 5*g - 2. Let o(f) = f**2 - 4. Let j(a) = t*c(a) + 4*o(a). Give j(-1).
-3
Let m(o) = 3*o - 4. Suppose -6 = 3*s, 4*k - s = 222 + 376. Suppose -k*w = -156*w. What is m(w)?
-4
Let l(b) = 3*b**3 - b**2 - 10*b + 1. Let x(q) = 13*q**3 + 9*q**2 + 2*q + 18. Let f(d) = 4*l(d) - x(d). What is f(-8)?
2
Suppose 0 = -4*z + 4*c - 4, -10 = 3*z - 4*c - 2. Let o(p) = -p**2 + p + 3*p**2 + 1 - 3*p**2 + 2*p + 4*p. Calculate o(z).
13
Let c(a) = -61 - 5*a**2 - 5*a + a**2 + 3*a**2 + 14*a + 12*a. Determine c(18).
-7
Let j(u) be the third derivative of -u**4/24 + u**3/6 + 4*u**2 + u + 4. Let r be -35*3*(-4)/(-30). Determine j(r).
15
Suppose -q = -2*g, 0*g = 2*q + 2*g + 24. Let p(f) = -196*f**2 - 3*f**3 + 64*f**2 + 2*f**3 + 0 + 59*f**2 + 65*f**2 + 2*f + 9. What is p(q)?
-7
Let f be (38/6)/1 + 17/(-51). Let a(h) = 0 + f - 5*h - h - h - 3. Determine a(-6).
45
Let k(d) = -24*d**2 + 16*d + 1. Let c = -4251 - -4252. Give k(c).
-7
Let i(c) = 4*c - 14. Let r(b) = 3*b - 13. Let q be 168/77 + 4/(-22). Let j(k) = q*i(k) - 3*r(k). Let p be j(10). Let o(l) = 7*l**3 - l**2 - l + 1. What is o(p)?
6
Let p(k) be the first derivative of 1/4*k**4 + 10*k + 69 + 2*k**3 - 9/2*k**2. Determine p(-7).
24
Suppose -4*l + 35 = 23. Let x(p) = -1618*p**2